{"id":131,"date":"2019-10-31T20:50:27","date_gmt":"2019-10-31T20:50:27","guid":{"rendered":"http:\/\/jasch-art.de\/?page_id=131"},"modified":"2024-09-22T09:44:48","modified_gmt":"2024-09-22T09:44:48","slug":"jana-alias-jasch-art","status":"publish","type":"page","link":"http:\/\/jasch-art.de\/","title":{"rendered":"JANA alias JASCH-ART"},"content":{"rendered":"\n<h4 class=\"wp-block-heading has-text-align-left has-medium-font-size\"><strong><em>PIANO &amp; POEM<\/em><\/strong><\/h4>\n\n\n<div class=\"wp-block-image\">\n<figure class=\"alignright is-resized\"><img decoding=\"async\" loading=\"lazy\" src=\"http:\/\/jasch-art.de\/wp-content\/uploads\/2021\/11\/IMG_20190719_091233.jpg\" alt=\"\" class=\"wp-image-238\" width=\"293\" height=\"392\"\/><\/figure><\/div>\n\n\n<blockquote class=\"wp-block-quote has-text-align-left is-style-default\">\n<p class=\"has-medium-font-size\"><strong><em>&#8222;Einen Abend voller Zauber und Gedanken, voller Leidenschaft und Emotionen. Das Leben neu sp\u00fcren und dem Alltag f\u00fcr eine Weile  vertr\u00e4umt entfliehen!!!&#8220;<\/em><\/strong><\/p>\n\n\n\n<p class=\"has-medium-font-size\">In meinem Soloprogramm pr\u00e4sentiere ich am Klavier klassische Kompositionen des  Pianisten \u201eLudovico Einaudi\u201c in Kombination mit Gedichten aus eigener  Feder. <\/p>\n\n\n\n<p class=\"has-medium-font-size\">Das Konzert umfasst  60 &#8211; 90 Minuten.<br>Gerne spiele ich auf einem Klavier oder Fl\u00fcgel vor Ort. Sollte dies nicht zur Verf\u00fcgung stehen, spiele ich mein StagePiano mit entsprechender Anlage. <br>Meine Gage ist mein Hut und Ihre Wertsch\u00e4tzung.<\/p>\n\n\n\n<p class=\"has-medium-font-size\"><br><em>&#8222;In Janas Klavierspiel und ihren Gedichtvortr\u00e4gen liegen die Sch\u00f6nheit und Harmonie, die Sehnsucht und die Erf\u00fcllung des Lebens verborgen. Das Konzert ist ein Garant f\u00fcr G\u00e4nsehaut. <br>Sie erweckt das Instrument auf kraftvolle, emotionale und ergreifende Weise und dennoch spiegelt ihr Spiel Leichtigkeit und Hoffnung wider.<br>Ihre Gedichte und Gedanken sind frei von gesellschaftlichen Konventionen und leben von Authentizit\u00e4t. Jana schafft es mit ihrem Klavierspiel und ihren Gedichtvortr\u00e4gen den Zuh\u00f6rer zu bewegen, indem sie sich selbst \u00f6ffnet und \u00fcber den Tellerrand hinwegschauend, das Leben liebevoll hinterfragt. F\u00fcr Jana bedeutet Musik ein Medium wahrhaftiger Begegnung. Mit ihren Gedichten erlebt sie eine weiter Ausdrucksform das Leben zu begreifen und zu teilen.<br>Diese Reise ist eine Einladung zu gedanklichen Tiefen in eigene Welten &#8211; hinaus aus dem Alltag.&#8220;<\/em><\/p>\n\n\n\n<p class=\"has-medium-font-size\">Doch h\u00f6rt selbst unter &#8222;PIANO &amp; POEM&#8220;<\/p>\n<\/blockquote>\n\n\n\n<p> <\/p>\n\n\n\n<p class=\"has-text-align-left has-medium-font-size\"><strong><em>Jana Schramm<\/em><\/strong><br>Seit ich denken kann begleitet mich die Musik und die Kunst. Begonnen habe ich mit meiner Leidenschaft, dem Klavierspiel bereits im Alter von 5 Jahren. Das Klavierspiel durfte ich in 14 Jahre Privatunterricht erlernen und es begleitet mich seitdem in meinem t\u00e4glichen Alltag. <\/p>\n\n\n\n<p class=\"has-text-align-left has-medium-font-size\"><strong><em>Wenn ich Klavier spiele, wird das Instrument ein Ausdrucksmedium meiner Gef\u00fchle und wir verschmelzen zu einer Einheit mit den Empfindungen unserer Zuh\u00f6rer.  <\/em><\/strong><br><\/p>\n","protected":false},"excerpt":{"rendered":"<p>PIANO &amp; POEM &#8222;Einen Abend voller Zauber und Gedanken, voller Leidenschaft und Emotionen. Das Leben neu sp\u00fcren und dem Alltag f\u00fcr eine Weile vertr\u00e4umt entfliehen!!!&#8220; In meinem Soloprogramm pr\u00e4sentiere ich am Klavier klassische Kompositionen des Pianisten \u201eLudovico Einaudi\u201c in Kombination mit Gedichten aus eigener Feder. Das Konzert umfasst 60 &#8211; 90 Minuten.Gerne spiele ich auf [&hellip;]<\/p>\n","protected":false},"author":1,"featured_media":420,"parent":0,"menu_order":0,"comment_status":"closed","ping_status":"closed","template":"","meta":[],"_links":{"self":[{"href":"http:\/\/jasch-art.de\/index.php?rest_route=\/wp\/v2\/pages\/131"}],"collection":[{"href":"http:\/\/jasch-art.de\/index.php?rest_route=\/wp\/v2\/pages"}],"about":[{"href":"http:\/\/jasch-art.de\/index.php?rest_route=\/wp\/v2\/types\/page"}],"author":[{"embeddable":true,"href":"http:\/\/jasch-art.de\/index.php?rest_route=\/wp\/v2\/users\/1"}],"replies":[{"embeddable":true,"href":"http:\/\/jasch-art.de\/index.php?rest_route=%2Fwp%2Fv2%2Fcomments&post=131"}],"version-history":[{"count":42,"href":"http:\/\/jasch-art.de\/index.php?rest_route=\/wp\/v2\/pages\/131\/revisions"}],"predecessor-version":[{"id":424,"href":"http:\/\/jasch-art.de\/index.php?rest_route=\/wp\/v2\/pages\/131\/revisions\/424"}],"wp:featuredmedia":[{"embeddable":true,"href":"http:\/\/jasch-art.de\/index.php?rest_route=\/wp\/v2\/media\/420"}],"wp:attachment":[{"href":"http:\/\/jasch-art.de\/index.php?rest_route=%2Fwp%2Fv2%2Fmedia&parent=131"}],"curies":[{"name":"wp","href":"https:\/\/api.w.org\/{rel}","templated":true}]}}